7*c + 351. Let f(r) = 65*d(r) + 3*s(r). List the prime factors of f(5).
11, 13
Suppose 21 = -5*s + 9*s - w, 0 = -2*s - 4*w + 6. Let t(v) = -v**2 + 13*v - 12. Let a be t(s). Suppose 31*d = a*d + 213. What are the prime factors of d?
71
Let d(f) = -2542*f - 2832. What are the prime factors of d(-4)?
2, 7, 131
List the prime factors of (-2)/(-33) - 245246250/(-8415).
2, 3643
Suppose 0 = -s - 4*s + 10. Suppose -5*r + 0*f - f = -465, -4*r + s*f + 372 = 0. Let x = r + -61. What are the prime factors of x?
2
Let g(u) = -u**3 + 88*u**2 - 30*u + 570. List the prime factors of g(83).
5, 1301
Let a(g) = -1118*g - 4695. What are the prime factors of a(-12)?
3, 17, 19
Let v = 3324 + -1904. Suppose -8*d = 5*q - 3*d - v, -5*q - 3*d = -1420. List the prime factors of q.
2, 71
Let q(g) = -97*g**2 + 8*g - 1. Let i be q(2). Let o = i + 764. What are the prime factors of o?
17, 23
Let y(a) = -a**3 - 15*a**2 - 2*a - 15. Let b be y(-15). Suppose b + 3 = 3*f. Suppose 2*c - j + 357 = f*c, 0 = 2*j - 2. What are the prime factors of c?
89
Let c = -176 - -182. What are the prime factors of (c + 398/(-3))*-3?
2, 5, 19
Let n = -30771 - -60459. List the prime factors of n.
2, 3, 1237
Suppose i - 2*f - 1539 = 0, 3*i - 4568 = 2*f - 3*f. List the prime factors of i.
5, 61
Suppose 3*k - 4*o = 14 - 6, 3*k + 4*o = 16. Suppose k*r - 627 = -3*y, 0 = -13*y + 8*y - 2*r + 1059. List the prime factors of y.
3, 71
Let b(d) = 798*d + 139*d + 3 + 4. Let v be b(1). List the prime factors of v/64 - (-10)/8.
2
Let n(q) = q**2 - 3*q - 10. Let x be n(5). Suppose 9*r + 14278 + 11462 = x. List the prime factors of 2/9 + (r/45)/(-2).
2
Let y be 24/(-9)*(-3)/2. Suppose 4 = -j, y*j = 5*g - 1365 - 1776. What are the prime factors of g?
5
Let p(t) = -24 - 29 + 15 + 53*t. Let c be p(9). Suppose 2*w - 6*w = -d - c, 4*d - 20 = 0. What are the prime factors of w?
3, 37
Suppose -10*m + 2912 = -2*m. Suppose y + 655 = 5*d - 2*y, m = 3*d + 4*y. Let s = d + -46. List the prime factors of s.
2, 41
Suppose 4*f + 2*g = 726, -192 = -4*f + 3*f + 3*g. Let q = 566 - f. List the prime factors of q.
383
Let f(g) = 62*g**2 - 2*g - 2604. What are the prime factors of f(33)?
2, 3, 7, 193
Suppose 4*q = 2*z - 142, 2*z - 56 = z - 3*q. Let y = -24 - -33. Let x = y + z. What are the prime factors of x?
2, 37
Let b(i) = -15*i**2 - 165*i. Let r be b(-11). Suppose r = -13*h + 35*h - 26268. What are the prime factors of h?
2, 3, 199
Let f(d) = -3*d + 3. Let z be f(-3). Let s(c) = c - 16. Let n(q) = -4*q + 82. Let u(j) = 2*n(j) + 11*s(j). List the prime factors of u(z).
2, 3
Suppose 0 = -5*p + 4*r + 88475, r - 15884 = 2*p - 51271. List the prime factors of p.
3, 5897
Let n(f) = 17*f**2 - 77*f + 4788. List the prime factors of n(69).
2, 3, 6701
Let o = -4 + -210. Let p = 28 - o. List the prime factors of p.
2, 11
Let f(s) = s**2 + 6*s + 13. Let m be f(-4). Let n(b) = 75*b + 53. What are the prime factors of n(m)?
2, 107
Let y(u) = -u**3 - 15*u**2 - 2*u - 20. Let r be y(-15). Suppose -40 = -5*h + 3*m + r, 3*m - 50 = -5*h. List the prime factors of 2766/h + (1 - 3/5).
277
Let g(s) = -16708*s + 14. Let f be g(2). What are the prime factors of f/(-36) + 1/6?
2, 29
Let y = 139 + -147. Let h(s) = 17*s**2 + 44*s + 17. What are the prime factors of h(y)?
3, 251
Let i be (57 - 56)/((-2)/(-24338)). Suppose -i = -8*w + 903. What are the prime factors of w?
2, 19, 43
Suppose 8*x = 4*x + 5*d + 89, -3*x + 68 = -5*d. Let f be (10/(-6))/((-7)/x). Suppose -82 = -p + f*q, 3*p - 3*q + 210 = 6*p. What are the prime factors of p?
2, 3
Suppose 0 = -4*z - 3*c + 3536, -2*z + 2250 - 480 = c. Let g = -424 + z. List the prime factors of g.
463
Let m(a) = -2*a**2 - 8*a + 15. Let j be m(-5). Suppose 5*h - h - 414 = 2*y, 2*y + 518 = j*h. What are the prime factors of h?
2, 13
Suppose -3*d = 3*t + 6, 2*d + 3 = -5*t + 5. Suppose k + 44 = 4*p, -t*p + 2*k = 7*k. Suppose -p*i + 1500 = 100. List the prime factors of i.
2, 5, 7
Suppose -x = -5*t + 229263, -3*x = -11*t + 12*t - 45843. List the prime factors of t.
2, 3, 3821
Let x(v) = 3*v**2 - 54*v - 702. What are the prime factors of x(-22)?
2, 3, 17, 19
Let g = 128 + -13. Let a = 249 - g. What are the prime factors of a?
2, 67
Let d(j) = -2*j**2 - 9*j + 8. Let i be d(-5). What are the prime factors of 407*(0 + (i - 2))?
11, 37
Suppose -307983 = 2674*q - 2687*q. What are the prime factors of q?
3, 53, 149
Let f = -108 - -110. Suppose -f*g = 4*p + 159 + 433, -833 = 3*g - 5*p. List the prime factors of (g/(-1) - -5)*1.
3, 97
Suppose 187*k = 192*k - 19875. List the prime factors of k.
3, 5, 53
Suppose 2*t + 18 = -0*y + 5*y, -2*t - 14 = -3*y. Suppose 2*i - 22 = 5*u + 89, -4*u - 106 = -y*i. Let p = -35 + i. List the prime factors of p.
2
Let s = 32 + -12. Let k = s + -22. What are the prime factors of (-264)/k*(-1 - -3)/4?
2, 3, 11
Suppose p = -3*j - 938, j + 2*p - 322 = 2*j. Let c = 369 + j. List the prime factors of c.
5, 11
Let l(i) = 2*i**2 - 38*i - 39. Suppose 18*d - 22*d + 86 = 2*q, -4*q - d + 137 = 0. List the prime factors of l(q).
3, 5, 59
Let r = -12 - -8. What are the prime factors of 445 - (r - (3 + -4 - 0))?
2, 7
Suppose 0 = 3*t + 2*v + 13, -t + 5*v - 20 = 2*t. Let l = 1107 + -802. List the prime factors of (-2 - 1) + (-2 - l/t).
2, 7
Suppose 2*g + 1 = 7. Suppose -g*w - 4*r = r - 143, 0 = 2*w + 4*r - 94. What are the prime factors of w?
3, 17
Let c(p) = p**3 + 15*p**2 - 13*p + 51. Let s be c(-16). Suppose 5*r - t = 9*r - 1500, -s*t - 1516 = -4*r. List the prime factors of r.
2, 47
Suppose -8 = 2*j - 4*r, -4*r = -j - r - 6. Suppose 0 = 5*b + 4*s + 871 - 4454, -b - s + 716 = j. List the prime factors of b.
719
Let a(m) = -36*m**3 + 6*m**2 + 9*m + 10. List the prime factors of a(-4).
2, 1187
List the prime factors of (-5 - (-40098)/2) + -12.
2, 313
Let g(d) = -277*d + 7242. List the prime factors of g(-57).
3, 853
Let x(t) be the third derivative of 5*t**4 + 91*t**3/6 + 2*t**2 - 29*t. List the prime factors of x(10).
1291
Suppose 0 = 3*l + 44 - 179. Let x = 44 - l. List the prime factors of (x/2)/(2/(-16)).
2
Let q(n) = -19*n - 395. Let h be q(-11). List the prime factors of 1467/5*(h/(-18) + -7).
2, 3, 163
Let t be -1*1/(-1)*51. Suppose -545*w - 12933 = -572*w. Suppose -3*q + 2*i = -w, -3*q - 3*i + 438 + t = 0. What are the prime factors of q?
7, 23
Let h = -37017 + 52081. Suppose 15*m - h = 5606. What are the prime factors of m?
2, 13, 53
Suppose -w - 5*x = -5100, 4*w - 4*x = 22345 - 1945. List the prime factors of w.
2, 3, 5, 17
Suppose 0 = 17*t + t - 18. List the prime factors of (-15)/10*-332*t.
2, 3, 83
Suppose m - 60171 = -2*u, -223*u + 221*u + 60206 = -4*m. What are the prime factors of u?
30089
Suppose -46*u + 108*u = 69936. What are the prime factors of u?
2, 3, 47
Suppose 2*o = 11 - 21. List the prime factors of 1244 + (o + 1)*(-3)/(-6).
2, 3, 23
Suppose 44*z + 20388 = 47*z + 5*s, 3*z = -2*s + 20415. What are the prime factors of z?
7, 139
What are the prime factors of 9/((-36)/(-200387)) - (-10 - -3)/28?
3, 16699
Suppose 4*t - 74530 = -134*z + 136*z, -4*z - 18615 = -t. List the prime factors of t.
5, 3727
Suppose 5*u = -224 + 574. Suppose 5*v - u = 55. List the prime factors of ((v - -5) + -1)*5.
5, 29
Let s(i) = 55*i**2 - 161*i - 7. List the prime factors of s(9).
2999
Suppose -5*q + 3*g + 2*g = -750, 2*g = -3*q + 450. Let v = 819 + q. What are the prime factors of v?
3, 17, 19
Let k = 2657 + -1250. List the prime factors of k.
3, 7, 67
Let q = 149 + -127. Suppose -2*n + 8 = -5*r - q, -4*n = -3*r - 32. What are the prime factors of (1 - n) + (-1)/((-2)/344)?
2, 3, 7
Let o = 131 + -126. Suppose o*u + 10*y - 2240 = 12*y, 0 = y. List the prime factors of u.
2, 7
Suppose -3 + 390 = 3*r. Suppose 10*x - r = 9931. What are the prime factors of x?
2, 503
Let j(c) = c**3 - 15*c**2 + 9*c - 26. Let g be j(14). Let r = -90 - g. Suppose -r*q = q - 994. What are the prime factors of q?
2, 71
Suppose o + o = -3*n + 36, 0 = 5*n + 4*o - 60. Let x = -11 + n. Let d(v) = 186*v**2 + v - 1. List the prime factors of d(x).
2, 3, 31
List the prime factors of (2 + 2512 + 2)*(-12)/(-8).
2, 3, 17, 37
Let v(l) = l + 8. Let d be v(1). Suppose 6*o + 1635 = d*o. What are the prime factors of o?
5, 109
Let y(h) = 8*h**3 + 19*h**2 - 205*h + 605. List the prime factors of y(22).
5, 7, 11, 47
Suppose 142*r + 768416 - 2013480 = 2